
Let w be ((-12)/(-15))/((-1)/(-5)). Let b be w/(-6) + 600/9. Suppose -4*j + 3*l = -184 + b, -151 = -5*j + 2*l. List the prime factors of j.
31
Let a = -2089 + 3162. Suppose -3*b + j + 798 = -2*j, -5*j + a = 4*b. What are the prime factors of b?
3, 89
Let i(x) = 2*x**2 - 58*x + 17. What are the prime factors of i(29)?
17
Let l(z) = z**3 + 4*z**2 - 3*z + 3. Let y be ((-3 - -2)*-3)/(-1). List the prime factors of l(y).
3, 7
Let q(f) = f**3 + 8*f**2 - 8*f - 2. Let j be q(-9). Let g(h) = -5*h**2 - 16 - 13*h + 4*h**2 - 4*h**2 + 4*h**2. What are the prime factors of g(j)?
2, 3
Let y = 346 - -1630. What are the prime factors of y?
2, 13, 19
Let l = -259 - -740. Suppose 2*c - 5*j - 204 = 0, 2*c + 3*c + 2*j - l = 0. What are the prime factors of c?
97
Suppose k = -4*k + 290. Let o = k + 44. What are the prime factors of o?
2, 3, 17
Suppose -b + 4 + 11 = -5*x, 2*b = -5*x. Suppose 2*k + 141 = b*k. What are the prime factors of k?
47
List the prime factors of (-54)/9 - -10 - (1 - 627).
2, 3, 5, 7
Let i(u) = -2*u + 16. Let j(y) = 1. Let t(o) = -6*i(o) + 84*j(o). Let w be t(5). Let l = -26 + w. List the prime factors of l.
2, 11
Let x = -273 - -385. Let k = x + -39. Let c = k + -49. What are the prime factors of c?
2, 3
Suppose d - j = 0, -4 = -0*d - 3*d - j. Let h = d + -21. Let u = 43 + h. What are the prime factors of u?
23
Suppose -2*b - 87 = -3*b + c, 0 = -5*b + 2*c + 426. Let p = -39 + b. List the prime factors of p.
3, 5
Let t(m) = -m**2 - 36*m - 9. Let d be t(-18). Suppose 10*x - d = 5*x. List the prime factors of x.
3, 7
List the prime factors of 1494/4 + 22/(-44).
373
Let g(t) = 357*t - 443. What are the prime factors of g(16)?
11, 479
Let p be 2/(-6) + 258/18. Let v be (0 + -26)*p/(-4). Suppose 3*c = -3*d + 5*c + v, 2*d = c + 61. List the prime factors of d.
31
Let o = 14 + -12. Suppose -2*q = 2*y - 6 + 2, o*q - 4*y = 10. Suppose 0*c - q*c + 138 = 0. List the prime factors of c.
2, 23
Let r = -25 - -19. Let p be 125 + 3/(3 + r). Suppose 3*f - p = 2. List the prime factors of f.
2, 3, 7
Suppose 6*h = 50 - 20. Suppose -h*y + 5*j + 0*j = -230, -2*j + 49 = y. List the prime factors of y.
47
Suppose 3*y + x = 4778, -2*y - 54*x + 58*x = -3190. List the prime factors of y.
3, 59
Suppose -757 = -15*v + 14018. List the prime factors of v.
5, 197
Let p be -6*(-1)/12 + 147/6. Let g = 1 + -1. Suppose g*q - p = -q. What are the prime factors of q?
5
Suppose 12*j = -420 + 6564. List the prime factors of j.
2
Let f(o) = 10*o + 13. Let k(q) = -3*q - 12. Let b be k(-5). List the prime factors of f(b).
43
Suppose 2*v + 629 - 1489 = 0. List the prime factors of v.
2, 5, 43
Let t(v) = 2*v**2 - 11*v - 37. List the prime factors of t(13).
2, 79
What are the prime factors of (128/(-4)*274)/(12 + -14)?
2, 137
Let y = 496 + -80. What are the prime factors of y?
2, 13
Suppose -2*o + 15316 - 1555 = 3*t, 0 = 2*t - 3*o - 9161. List the prime factors of t.
5, 7, 131
Suppose -28 - 27 = -11*m. Suppose -332 = 3*c - m*c. List the prime factors of c.
2, 83
Let k(x) = -20*x**2 - 2*x**3 + 30*x**2 + x**3 + 2 - 16*x**2. Let w be k(-6). Suppose -4*q + 2*z = 5*z - 12, 3*q + 5*z = -w. What are the prime factors of q?
2, 3
Let l be 0 + (-4)/(20/(-25)). Suppose 105 = 5*a + 5*n, l*a + 2*n - 26 - 64 = 0. List the prime factors of a.
2
Suppose -4*d + 4*x + 5488 = 0, -3746 = -5*d + 3*x + 3120. List the prime factors of d.
5, 11
Suppose 0 = 3*i - 4*i - 11. Let r be (84/5 + 0)*95/38. Let o = i + r. What are the prime factors of o?
31
Suppose -2*w = -5*q - 253, -4*q - 204 = -3*w + 158. List the prime factors of w.
2, 3, 19
Let y(j) = -j**3 - 11*j**2 - 8*j + 5. Let h(o) = -3*o + 11. Let t be h(7). Let f be y(t). List the prime factors of (6/f)/((-3)/225).
2, 3, 5
Suppose 0 = -2*w - 4*u + 20, 4*u - 2*u = 10. Suppose w = 5*x - t - 427, -t = -4*t + 9. List the prime factors of x.
2, 43
Let r(b) = -b**2 - 13*b + 6. Let d(s) = -s - 8. Let c be d(3). List the prime factors of r(c).
2, 7
Let y = 802 + -454. List the prime factors of y.
2, 3, 29
Let p be -2*(3 + 1 + -8). Let z = -6 + 10. Let m = p + z. What are the prime factors of m?
2, 3
Let f(j) = 10*j**3 - j**2 + 12*j - 4. What are the prime factors of f(4)?
2, 167
Suppose 23 - 38 = -5*v. Suppose 2*m - 3*k - 2*k = 61, -v*k = 2*m - 37. List the prime factors of m.
23
Let c = 46 + -36. Suppose 15*v = c*v + 610. What are the prime factors of v?
2, 61
What are the prime factors of -5 - (6 + (-24*40)/5)?
181
Let q = -20 - -46. What are the prime factors of q?
2, 13
Let a = -9424 + 13725. List the prime factors of a.
11, 17, 23
Let d = 4 - 1. Let o be (2/d)/((-6)/9). List the prime factors of 1 - (-11 + (-2)/o).
2, 5
Let s be (-1)/3 - (-290)/6. Let h be (11/(-3))/(14/3 - 5). Let n = s - h. List the prime factors of n.
37
Suppose -2*p - 22 + 152 = 0. Suppose -5*n = 4*u - 60, -3*n = -8*n - 5*u + p. What are the prime factors of n?
2
Let y = 19 - 17. Suppose -4*p + 0*q - q = 2, 0 = 2*p + y*q - 2. What are the prime factors of 3/((-2 - p)/(-2))?
2, 3
Let f(u) = -3*u - 5. Let q = -22 + 10. List the prime factors of f(q).
31
Let m = 4007 - 1907. List the prime factors of m.
2, 3, 5, 7
Suppose 5*s + 27 = 2*d, 5*s + 0*s - 3*d = -23. Let t(f) = -f**2 - 7*f + 6. What are the prime factors of t(s)?
2, 3
Suppose 4*o = 12, -3*o = 2*i - 4*i - 3. Let n = i - -29. What are the prime factors of n?
2
Let z = -7 - -25. Suppose -z*o + 13*o = -85. List the prime factors of o.
17
Suppose -89 - 49 = -6*q. Let b(g) = g**3 - 5*g**2 - 3*g + 2. Let r be b(5). Let i = q + r. List the prime factors of i.
2, 5
Let f(r) = 15*r**3 + 2*r**2 + 3*r + 2. Let a be f(3). Let s = -245 + a. What are the prime factors of s?
3, 7
Let t(a) = -20*a - 10. Let y be t(-6). List the prime factors of y/(-22)*(-382)/10.
191
Let r be -1*((5 - 2) + 1). Let j be (-1 - r) + 24 + 4. Suppose 0 = k - 4*l - 1, 0*k + 2*l - j = -3*k. What are the prime factors of k?
3
Suppose -34*c + 23566 = -62556. What are the prime factors of c?
17, 149
Let h(m) = -m**3 - 7*m**2 - 6*m - 5. Let r be h(-6). Let c = 44 + r. List the prime factors of c.
3, 13
Let z = 14 + -14. Let t = z - 0. List the prime factors of ((1 - t) + -2)*-11.
11
Let o(z) = 39*z**2 + 21*z + 55. What are the prime factors of o(-11)?
7, 11, 59
Let m = -12 - -11. Let z(j) = -33*j**3 - 2*j**2 - 2*j - 1. List the prime factors of z(m).
2
Suppose -7*y = -9530 - 16622. List the prime factors of y.
2, 467
Let a = -8 - -9. Let u be 20/(-4 + 8)*a. Suppose -25 = -u*l + 5. What are the prime factors of l?
2, 3
Suppose 0 = -5*j - q - 3*q + 56, -5*q + 19 = 2*j. Suppose -4*s + 14 = -6. Suppose 0 = s*d - 28 - j. List the prime factors of d.
2
Suppose -2*f = 4*h - 1530, -f = -5*h - 777 + 5. What are the prime factors of f?
13, 59
Let k(d) = 30*d + 64. What are the prime factors of k(5)?
2, 107
Let l(i) = -i**2 - 6*i - 5. Let j be l(-4). Let y be -1*(-5 + j) - 39. What are the prime factors of (y/3)/((-3)/9)?
37
Suppose 15 = -2*m + 75. Suppose 3*i = m + 282. List the prime factors of i.
2, 13
Suppose 0*r - 10 = -2*r. Suppose 90 = -r*j - 40. Let g = j + 41. List the prime factors of g.
3, 5
Let x = 447 - -2416. What are the prime factors of x?
7, 409
Let y(t) be the first derivative of -t**4/4 - 19*t**3/3 - 19*t**2/2 + 31*t - 28. What are the prime factors of y(-18)?
7
Let w(b) = 2*b**2 - 21*b - 184. List the prime factors of w(22).
2, 7, 23
Suppose -8*c = -3*c - 870. What are the prime factors of c?
2, 3, 29
Let p(t) = -153*t - 2. Suppose 4*n = 3*l - 2, 2*l - 4*l = 4. Let q be p(n). Suppose 8*s - q = 4*s. What are the prime factors of s?
2, 19
List the prime factors of ((-6)/8*2)/((-15)/320).
2
Let a(n) = -n**3 + 39*n**2 - 63*n + 55. What are the prime factors of a(34)?
3, 1231
Let w(h) = h**2 - 9*h + 15. Let x = 36 + -33. Suppose 21 = x*g - 12. What are the prime factors of w(g)?
37
Let i(d) = 44 + 21*d + 40 - 90. What are the prime factors of i(4)?
2, 3, 13
Suppose o - 2*b + 52 = 0, -3*o + o - 104 = 4*b. Let j be (1 - -28)/(-1*1). Let p = j - o. What are the prime factors of p?
23
List the prime factors of 1*(-1)/3 + 122612/87.
1409
Let w(q) = 173*q**2 + 15*q + 30. List the prime factors of w(-2).
2, 173
Let a = -10 - -15. Let r(l) be the third derivative of 5*l**4/12 + 2*l**3/3 + l**2. List the prime factors of r(a).
2, 3
Let t = -14 - -17. Suppose t*q - 15 = -2*q. S